8/(-12). Let k = 37 + u. What is the tens digit of k/(-1) - (-198)/11?
1
Suppose -b - 65 = -68. What is the hundreds digit of (b/2)/(84/18088) + 0?
3
Let i be (-1)/5 + (3898/(-10) - 5). Let s = -175 - i. What is the hundreds digit of s?
2
Suppose -s = 2*k - 8703, 5*s = -3*k + 45161 - 1639. What is the tens digit of s?
0
Suppose -13846 = -2*r - 2*w + 12608, -r + w + 13239 = 0. What is the tens digit of r?
3
Let v = -104 + 65. Let r = -43 + v. Let x = r - -137. What is the tens digit of x?
5
Let t be -1 + -9 - (-11 - -7). Let p(d) = 11*d + 123. What is the units digit of p(t)?
7
Let q = -97 - -79. Let c(l) = -45*l - 43. Let d be c(q). Let x = -529 + d. What is the units digit of x?
8
Suppose -14*f = g - 0*g - 12093, -2*f = -6. What is the ten thousands digit of g?
1
Let a(r) = 74*r**2 - 36*r - 323. What is the units digit of a(-10)?
7
Let o(l) = 3*l**2 + 17*l + 37. Let s be o(-18). Let v = 1263 - s. What is the hundreds digit of v?
5
Suppose g - 5*q = -51 + 146, 3*g + 4*q = 304. Suppose 11*j = j + g. Let d(p) = -p**2 + 19*p + 16. What is the tens digit of d(j)?
0
Let f(b) = -826*b + 259. What is the hundreds digit of f(-3)?
7
Suppose -5*o = -0*o - 0*o. Suppose x + x = -2*c, o = -5*x + 3*c. Suppose -2*n + 256 = m, 5*m - 6*m = x. What is the tens digit of n?
2
Suppose -11*c + 105 = -159. Let b be ((-60)/16)/((-3)/(-1080)). What is the units digit of (-1)/4 - b/c?
6
Let d(j) be the third derivative of j**6/120 + j**5/5 + j**4/2 + j**3/6 + 6*j**2 - 4*j. What is the tens digit of d(-7)?
6
Let b = 31427 - -35029. What is the units digit of b?
6
Suppose -866529 - 1060550 = 321*w - 21006356. What is the units digit of w?
7
Suppose 51*f - 2145414 = -208230. What is the tens digit of f?
8
Suppose -22586 - 22282 = -7*g - 12759. What is the tens digit of g?
8
Suppose -12645 - 10555 = 2*a. What is the hundreds digit of (-3)/(-4) + a/(-64)?
1
What is the ten thousands digit of -12 + (-84 + 20)*-506?
3
Suppose -2*b = -3*q + 311, 4*q + 825 = -4*b + 213. Let y = b + 75. Let z = y + 118. What is the units digit of z?
9
Let w(k) = -6*k - 22. Let r be w(-5). Let q(u) = -u**3 - 4*u - u + 3 - 1 + 9*u**2. What is the tens digit of q(r)?
2
Let h be 6*((-2)/6)/(48/(-11160)). Suppose 7*f = 12*f - h. What is the tens digit of f?
9
What is the hundreds digit of 469/3*(-21 + 114)?
5
Suppose 51*f - 1092083 - 168841 = 0. What is the tens digit of f?
2
Let n = -6086 + 30611. What is the thousands digit of n?
4
Let i be (1032/80)/(12/10)*-4. Let y = 191 - 101. Let f = y - i. What is the hundreds digit of f?
1
Suppose 51968 = 5*j - 21*p + 19*p, -4*j = 5*p - 41614. What is the hundreds digit of j?
3
Let b(y) = -y + 3. Let g be b(6). Let r(w) = -w - 13. Let x be r(-7). What is the units digit of (6/7)/(x/63*g)?
3
Let o(r) = 12*r - 19. Let l = 9 + -7. Let d(b) = 9*b - 7. Let v be d(l). What is the hundreds digit of o(v)?
1
Suppose 2*q = -70 - 54. Let z = q + 67. Suppose 3*v = z*m + 82 - 454, m - 2*v = 80. What is the units digit of m?
2
Let v = -71 + 62. Let f = v + -43. What is the units digit of ((-39)/(-4))/((-3)/f)?
9
Let s(i) = 1313*i**2 - 5*i - 12. What is the hundreds digit of s(5)?
7
Let i(o) = 4*o**3 + o**3 + 14*o**2 - 22 + 8*o**2 - 19*o - 4*o**3. What is the units digit of i(-14)?
2
Let p = 468 - 463. Suppose 2*s + 2138 = 4*a + 5*s, 2684 = p*a - 2*s. What is the hundreds digit of a?
5
Let p(j) be the third derivative of j**7/504 - 17*j**6/720 + 17*j**5/60 - 4*j**2. Let h(m) be the third derivative of p(m). What is the units digit of h(8)?
3
Let m = -114 - -682. Suppose -h + m = -s + 2081, 1513 = s - 4*h. What is the thousands digit of s?
1
Suppose 0 = -10*z + 12*z + 10, -4*t - 5*z = -10563. Let b be 17878/35 + 1/5. Suppose t = 12*p + b. What is the hundreds digit of p?
1
Let d(k) be the third derivative of k**5/60 - 13*k**4/24 - 23*k**3/3 - 58*k**2. What is the units digit of d(-7)?
4
Let w(h) = -h**2 + 5*h + 8. Let i be w(6). Let j(s) = 17*s**2 - 2*s + 19. Let m be j(3). Suppose n + i*t = m, -n = -4*t - 7 - 135. What is the tens digit of n?
5
Let h(r) = 3188*r + 90. What is the thousands digit of h(1)?
3
Let f = -10951 + 19977. What is the units digit of f?
6
Suppose -90 = -14*p - 16*p. What is the tens digit of (-2*(p + -2))/(15/(-5460))?
2
Suppose 5*v - 10*w + 47531 = 138801, -w - 1 = 0. What is the hundreds digit of v?
2
Let u = 6018 - 2372. What is the thousands digit of u?
3
Let v(b) = 12*b**2 - 10*b + 198. What is the tens digit of v(15)?
4
Let d = -26 + 34. Suppose 0 = -0*k + d*k + 456. Let v = 76 + k. What is the tens digit of v?
1
Suppose 0 = 2*q, m - q - 8 = 4*q. Suppose k = -4 + m, -4*l + 5*k + 668 = 0. What is the units digit of l?
2
Let r(x) = 2*x**3 - 4*x**2 - 6*x + 9. Let h be 8/(-3)*(-105)/70. What is the tens digit of r(h)?
4
What is the units digit of 10187 + (-9 - -10) + 0?
8
Let r be (141/(-5))/((-1)/15). Let x be r/18*(5 + 1). Let b = x - 11. What is the tens digit of b?
3
Let w(z) = 17*z**2 + 1317*z + 66. What is the thousands digit of w(-114)?
0
Let m(c) = c**2 + c - 6. Let r be m(-4). Let n(b) = -2*b + 0 + 4*b**2 - r - 6*b**2 + 3*b**2. What is the units digit of n(-3)?
9
Let y(n) = n**3 + 24*n**2 + 45*n + 39. Let a be y(-22). Suppose 444 = 2*k + a*q - 19*q, 0 = k + 3*q - 226. What is the hundreds digit of k?
2
Suppose z + 2*s - 38246 = 16481, -4*z + 218962 = -s. What is the ten thousands digit of z?
5
Suppose 0 = 2*n - 3*c - 34456, n = 14*c - 9*c + 17207. What is the hundreds digit of n?
2
Let u(w) = -115*w - 26. Let r(h) = 347*h + 77. Let n(d) = -6*r(d) - 17*u(d). Let y be n(-2). Suppose -3*x = y - 681. What is the units digit of x?
9
Let q be -1 + (-6)/(-4) - (-5230)/20. Let s = q + 635. What is the tens digit of s?
9
Suppose -h - 4*v + 11065 = 1685, -4*h = -4*v - 37640. What is the units digit of h?
4
Let i(a) be the third derivative of 0*a + 14/3*a**3 + 1/24*a**4 + 0 - 14*a**2. What is the units digit of i(-22)?
6
Let h(f) = -f**3 - 11*f**2 - 21. Let b be h(-16). Suppose -1560 = -c - 4*c + 4*y, 0 = 4*c - y - b. What is the units digit of c?
6
Suppose z = -3*q - 12 - 0, 4*q - 3*z = -3. Let i be (1/(-4)*-6)/(q/30). What is the hundreds digit of 3 + i/3 + 111?
1
Suppose -2*f + 12291 = 2*z - z, -5*f + 30735 = z. What is the hundreds digit of f?
1
Suppose -4 = -237*p + 233*p. What is the units digit of p + 203 + (-47 - -42)?
9
Let g(p) = 69*p**2 - 8*p + 30. Let y be (-1)/(2/(-3)) - 96/(-64). What is the tens digit of g(y)?
2
Suppose -u = 1, 0 = -4*t + 2*t - 2*u + 284. Let p be (-2)/(-11) - (-260)/t. What is the units digit of (p/(-5))/(22/(-3300))?
0
Suppose -86417 = -j - 4*j - 4*v, 0 = 5*j - 5*v - 86435. What is the thousands digit of j?
7
Suppose 3*t - 4*x - 27223 = 0, -5*t + 31*x + 45366 = 30*x. What is the tens digit of t?
7
What is the hundreds digit of (-20)/(-6)*-123*213/(-6)?
5
Suppose -14*v + 2*o = -11*v - 27451, -5*o + 45785 = 5*v. What is the thousands digit of v?
9
Let k = 47 + -44. Suppose 0 = r + k*r + 12, 3*z = -3*r + 390. Suppose 4*v - z = 19. What is the units digit of v?
8
Let i be -5 + (5 - -5) - 13. Let p(h) = -h**3 - h**2 - 8 - 2*h**2 + 0*h**2 + h - 3*h**2. What is the tens digit of p(i)?
1
Suppose 0 = -0*c - 5*c + 2*t, 10 = -5*c + 4*t. Suppose 263 = c*y + 71. Suppose 23*u - y = 19*u. What is the units digit of u?
4
Let l = -33248 + 47111. What is the hundreds digit of l?
8
Let f = -3964 - -18093. What is the tens digit of f?
2
Suppose -48*f + 75305 = -4*f - 26379. What is the thousands digit of f?
2
Let q be 1/((-2)/(-106)*1). Suppose -1890 = -17*f - 1176. Let t = q - f. What is the units digit of t?
1
Let m = 6 - -2. Let x = m + 45. What is the tens digit of 1*x + (14 - 10)?
5
Let l = -6 - 3. Let t(k) be the first derivative of -5*k**2/2 - 24*k + 6. What is the tens digit of t(l)?
2
Let s = -30600 + 38931. What is the tens digit of s?
3
Let t(c) = 4713*c**2 - 3*c - 2. Let o be t(-1). Suppose -9910 = -16*z + o. Suppose 4*f = -226 + z. What is the tens digit of f?
7
Suppose 0 = -d + 38*x - 36*x + 18927, 75723 = 4*d - 3*x. What is the ten thousands digit of d?
1
Let k be (-5157)/(-18) - (-2)/(-4). Suppose -756 = -2*p - k. What is the tens digit of p?
3
Let t(i) = -4927*i + 3233. What is the thousands digit of t(-9)?
7
Suppose 5*o + 20 = 0, 0 = 2*d - 4*o - o - 32. What is the thousands digit of ((-6)/5)/(((-144)/26700)/d)?
1